ulate the remainder when c is divided by 5.
2
Suppose 0 = -36*t + 38*t - 26. Calculate the remainder when t is divided by 4.
1
Suppose 2*o - 50 = 3*l - 5*l, -4*o + l = -115. Calculate the remainder when 137 is divided by o.
25
Suppose -5*s + 13 - 3 = 0. Calculate the remainder when s/(-8) - 327/(-12) is divided by 152/11 + (-2)/(-11).
13
What is the remainder when 152 is divided by 4/(-4 + 99/24)?
24
Suppose -5*q = b - 105 - 147, -4*b = 4*q - 928. What is the remainder when b is divided by 38?
37
Let j(o) = 3*o + 7. What is the remainder when 110 is divided by j(10)?
36
Suppose -4*s = r - 55, 2*r + 4*s + 57 = 159. Calculate the remainder when r is divided by 12.
11
Let s(p) = p**2 - 8*p + 9. Let v be s(7). Suppose -v*d - 3*r + 11 = 0, d + 3*d - 15 = r. What is the remainder when 1/((-11)/6 + 2) is divided by d?
2
Suppose 6 = 4*y - 2*p, -2*y - 2*p + 12 = -0*p. Let i = y - 4. Calculate the remainder when 37 is divided by (20/i)/(-5 - -3).
7
Let w(y) = 3*y + 1. Suppose -2*p + 4*x = p + 10, 3*x - 16 = -2*p. Let u = 4 + -1. Calculate the remainder when w(p) is divided by u.
1
Suppose 4*n + n - 95 = 0. What is the remainder when n is divided by 7?
5
Let b = -15 - -4. Let m be b/(1 + 6/(-9)). Calculate the remainder when 21 is divided by 1*3/((-9)/m).
10
Suppose -78 + 528 = 5*q. Suppose -3*p + q = 2*p. What is the remainder when p is divided by 5?
3
Let l(v) = -v - 4. Calculate the remainder when 17 is divided by l(-10).
5
Let v(d) = 4*d**2 - 19*d + 2. What is the remainder when v(7) is divided by 17?
14
Suppose -585 = -16*m + 11*m. What is the remainder when m is divided by 15?
12
Suppose -j = -u - 2*j + 260, j + 4 = 0. What is the remainder when u is divided by 38?
36
Calculate the remainder when (-2)/(4 - 6)*114 is divided by 59.
55
Let s be ((-36)/(-16))/((-2)/(-24)). Suppose 5*h - 38 - s = 0. Calculate the remainder when 35 is divided by h.
9
Let j(g) = -g**2 + 10*g - 4. Let z be j(5). Let y = z - 12. Let q(c) = -c**3 - 7*c**2 - c + 9. Calculate the remainder when q(-7) is divided by y.
7
Suppose -48 = -o - 5*i, -2*o + 3*o - i = 18. What is the remainder when 66 is divided by o?
20
Let p(m) = m - 13. Calculate the remainder when p(24) is divided by 3.
2
Suppose 0 = 5*p - 5*x - 40, -x + 3*x = 5*p - 52. What is the remainder when 31 is divided by p?
7
Suppose 4*u = 3*s + 16, 0 = -10*s + 5*s. Suppose -2*t + 6*t = 0. Suppose -4*i = 2*r - 38, t*r = 4*i + 5*r - 35. Calculate the remainder when i is divided by u.
2
Let o = 10 - -1. Let h(s) be the second derivative of s**5/20 - s**4/12 + s**3/6 + 21*s**2/2 - 4*s. What is the remainder when h(0) is divided by o?
10
Suppose 0 = -3*u + 49 + 11. Let g = 40 + -29. Calculate the remainder when u is divided by g.
9
Calculate the remainder when (2 + 4)/(5 + 8/(-2)) is divided by 2.
0
Let d = 100 + -40. Calculate the remainder when d is divided by 16.
12
Suppose -4*v - f = -53 - 14, 9 = 3*f. Calculate the remainder when v is divided by 10.
6
Let p = -39 - -67. Calculate the remainder when p is divided by 18.
10
Let u = 116 + -107. Calculate the remainder when 23 is divided by u.
5
Suppose -471 = -5*h - 0*h + 4*q, 0 = -4*h + 3*q + 376. Let c = 129 + -106. What is the remainder when h is divided by c?
22
Calculate the remainder when 52 is divided by 5 + (2 - 2) - -4.
7
Let o(b) = -b**2 + 9*b + 3. Suppose 3*r + 0 - 15 = 0. Suppose 5*q - 120 = -3*w, 3*q - r*q = -w - 37. Calculate the remainder when q is divided by o(8).
10
Let g(a) = -a + 16. What is the remainder when g(0) is divided by 6?
4
Suppose -2*f - 273 = -5*f. Suppose z - f = -5*m, 3*m + 4*z - 57 = z. What is the remainder when 89 is divided by m?
17
Let z = 17 - 13. What is the remainder when 13 is divided by z?
1
Let g(h) = -h + 7. What is the remainder when 62 is divided by g(-14)?
20
Let l = -18 + 21. Let f(t) = 3*t**2 + 3*t - 1. Let v(n) = -n**2 - 8*n - 3. Calculate the remainder when f(l) is divided by v(-3).
11
Suppose -8*m = -84 - 236. What is the remainder when 78 is divided by m?
38
Let x be -1 + 8 + (-3)/(-1). Suppose -6*b = -8*b + x. Let t = 24 + -17. Calculate the remainder when t is divided by b.
2
Suppose 0 = -c - 5*v + 4, 3*c = 7*c + 3*v - 16. Calculate the remainder when 7 is divided by c.
3
Let x = -8 - -19. Calculate the remainder when x is divided by 6.
5
Let a(v) = -4*v - 14. What is the remainder when (1 + (-8)/6)*-141 is divided by a(-6)?
7
Let y = 65 - 40. What is the remainder when 97 is divided by y?
22
Let a = 21 + -9. Suppose 0 = z - b - 22, -61 = -3*z - 3*b - 19. What is the remainder when (-85)/2*a/(-15) is divided by z?
16
Let s(v) = 5*v + 2. Calculate the remainder when s(9) is divided by 25.
22
Let t = 137 - 60. Calculate the remainder when t is divided by 20.
17
Let k = -115 - -199. Suppose a + k = 5*a. What is the remainder when 62 is divided by a?
20
Let b(y) = -y**2 + y + 1. Let h(c) = -4*c**2 + 12*c + 7. Let m(a) = -3*b(a) + h(a). What is the remainder when 14 is divided by m(9)?
2
Let w be (1 - 9)/(-4) - -3. Suppose -3*j - 122 = -2*t - 3*t, 5*j = w. Calculate the remainder when 49 is divided by t.
24
Suppose -4*k = -26 + 6. Suppose -2*j - 13 = -3*j. Calculate the remainder when j is divided by k.
3
Let u = 26 + 15. Suppose u = 4*b - 35. Calculate the remainder when b is divided by 7.
5
Let b = -40 + 80. Suppose l - b = -m, -m - 4*m + 218 = -4*l. Calculate the remainder when m is divided by 9.
6
Suppose 3*o - o = 2*f + 218, -f + 3*o = 119. Let b = -66 - f. Calculate the remainder when b is divided by 10.
8
Suppose -20*g + 17*g + 30 = 0. Let u be (3 - 2) + (1 - 0). Suppose 4*j - 132 = -4*a, -u*a - 70 = -2*j - 5*a. Calculate the remainder when j is divided by g.
9
Suppose -2*z = -3*z - 5. Let l(y) = 2*y**2 + 4*y. Let w = 5 - -11. What is the remainder when l(z) is divided by w?
14
Suppose -2*o - 4 = -2*n, -2*o = -4*n - 7*o + 8. Suppose -3*t = n*t. Suppose t = -3*p + 4*p - 17. What is the remainder when 49 is divided by p?
15
Let g = 67 + -46. What is the remainder when 39 is divided by g?
18
Let h(b) = b + 12. Calculate the remainder when h(6) is divided by 4.
2
Let w(u) = 3*u + 10. Let y(n) = 10*n - 28. Let a(i) = -3*i + 9. Let h(j) = 7*a(j) + 2*y(j). Calculate the remainder when w(3) is divided by h(0).
5
Let j = -2 + -6. Let c = j + 13. Let i = 18 + c. What is the remainder when i is divided by 8?
7
Let i(o) = -2*o - 7. Suppose 2*n + 5*g - 68 = 0, -3 = 2*n - g - 71. Let h = n + -21. What is the remainder when h is divided by i(-6)?
3
Let g be (-25)/(-5)*-7*1. Let b = 3 + 0. Let k = b - g. Calculate the remainder when k is divided by 10.
8
Let q(s) = -4*s - 6. Let y = -9 - -3. Let u be q(y). Suppose -30 = -3*r + u. What is the remainder when r is divided by 9?
7
Suppose 138 = 5*v - 12. What is the remainder when v is divided by 8?
6
Let d(r) = -r. Let w be d(-1). What is the remainder when (1 + w)/((-2)/(-38)) is divided by 10?
8
Let s = 59 + 231. What is the remainder when s is divided by 49?
45
Suppose 5*y + 5*d = 35, 2*y - 5*d + 3*d = 22. What is the remainder when 952/42 + (-2)/(-6) is divided by y?
5
Suppose -4*y = -3*y - 7. Let m(h) = h**2 - 9*h - 1. Let s be m(y). What is the remainder when 44 is divided by (1 + -2)/(1/s)?
14
Let j(g) = -g**2 - 3*g + 8. Let k be j(-6). Let p = k - -25. What is the remainder when p is divided by 8?
7
Suppose 2*v = 5*v - 6, -4*r = 2*v - 96. What is the remainder when r is divided by 7?
2
Let f = 10 + -4. Suppose i - f*i + 135 = 0. Calculate the remainder when i is divided by 14.
13
Suppose -3*f - 38 = -5*f. What is the remainder when 3735/105 - 3/(-7) is divided by f?
17
Let i = -56 - -101. Calculate the remainder when i is divided by 6.
3
Let d = 90 + -61. Suppose -4*h = -7*h + 24. What is the remainder when d is divided by h?
5
Suppose 5*f = 15, 3*f - 145 = -5*x - 2*f. What is the remainder when 101 is divided by x?
23
Suppose 0 = -2*n - d + 63, 3*n - 89 - 3 = -4*d. What is the remainder when n is divided by -2*(1 + 39/(-6))?
10
Suppose 35 = 6*m - m. Let n = -4 + m. Suppose -s = n - 16. What is the remainder when 37 is divided by s?
11
What is the remainder when -1*(-2)/8 - (-1050)/56 is divided by 7?
5
Calculate the remainder when 8 is divided by 5 - (1 - (-2 - -3)).
3
Suppose 3*q + 45 = 4*q. Calculate the remainder when 222 is divided by q.
42
Let p = 129 + -77. Calculate